{"id":264,"date":"2024-09-22T13:09:45","date_gmt":"2024-09-22T13:09:45","guid":{"rendered":"https:\/\/www.kaleli.av.tr\/?page_id=264"},"modified":"2024-12-21T08:35:09","modified_gmt":"2024-12-21T08:35:09","slug":"iletisim","status":"publish","type":"page","link":"https:\/\/www.kaleli.av.tr\/index.php\/iletisim\/","title":{"rendered":"iletisim"},"content":{"rendered":"\n<div class=\"wp-block-columns alignwide is-layout-flex wp-container-core-columns-is-layout-1 wp-block-columns-is-layout-flex\">\n<div class=\"wp-block-column is-layout-flow wp-block-column-is-layout-flow\">\n<h2 class=\"wp-block-heading\">ileti\u015fim<\/h2>\n\n\n\n<p>Merkezefendi Mh. Mevlana Cd. Terc\u00fcman Sitesi A7 Blok Kat: 9 Daire: 40 34015 Zeytinburnu \u0130stanbul<\/p>\n\n\n\n<p><\/p>\n\n\n\n<p>Telefon:   +90 (212) 679 64 11<\/p>\n\n\n\n<p><\/p>\n\n\n\n<p>e-posta:  info@kaleli.av.tr<\/p>\n<\/div>\n\n\n\n<div class=\"wp-block-column is-layout-flow wp-block-column-is-layout-flow\">\n<h2 class=\"wp-block-heading\">ula\u015f\u0131m<\/h2>\n\n\n\n<iframe src=\"https:\/\/www.google.com\/maps\/embed?pb=!1m18!1m12!1m3!1d3010.5511197654287!2d28.906079575514298!3d41.01319711912281!2m3!1f0!2f0!3f0!3m2!1i1024!2i768!4f13.1!3m3!1m2!1s0x14cabbaad3d3719b%3A0xa131ddc522ecd062!2zS0FMRUzEsCAmIEtBTEVMxLAgSFVLVUs!5e0!3m2!1str!2str!4v1727010307607!5m2!1str!2str\" width=\"600\" height=\"450\" style=\"border:0;\" allowfullscreen=\"\" loading=\"lazy\" referrerpolicy=\"no-referrer-when-downgrade\"><\/iframe>\n<\/div>\n<\/div>\n\n\n\n<p><\/p>\n","protected":false},"excerpt":{"rendered":"<p>ileti\u015fim Merkezefendi Mh. Mevlana Cd. Terc\u00fcman Sitesi A7 Blok Kat: 9 Daire: 40 34015 Zeytinburnu \u0130stanbul Telefon: +90 (212) 679 64 11 e-posta: info@kaleli.av.tr ula\u015f\u0131m<\/p>\n","protected":false},"author":3,"featured_media":0,"parent":0,"menu_order":0,"comment_status":"closed","ping_status":"closed","template":"","meta":{"footnotes":""},"class_list":["post-264","page","type-page","status-publish","hentry"],"_links":{"self":[{"href":"https:\/\/www.kaleli.av.tr\/index.php\/wp-json\/wp\/v2\/pages\/264","targetHints":{"allow":["GET"]}}],"collection":[{"href":"https:\/\/www.kaleli.av.tr\/index.php\/wp-json\/wp\/v2\/pages"}],"about":[{"href":"https:\/\/www.kaleli.av.tr\/index.php\/wp-json\/wp\/v2\/types\/page"}],"author":[{"embeddable":true,"href":"https:\/\/www.kaleli.av.tr\/index.php\/wp-json\/wp\/v2\/users\/3"}],"replies":[{"embeddable":true,"href":"https:\/\/www.kaleli.av.tr\/index.php\/wp-json\/wp\/v2\/comments?post=264"}],"version-history":[{"count":6,"href":"https:\/\/www.kaleli.av.tr\/index.php\/wp-json\/wp\/v2\/pages\/264\/revisions"}],"predecessor-version":[{"id":524,"href":"https:\/\/www.kaleli.av.tr\/index.php\/wp-json\/wp\/v2\/pages\/264\/revisions\/524"}],"wp:attachment":[{"href":"https:\/\/www.kaleli.av.tr\/index.php\/wp-json\/wp\/v2\/media?parent=264"}],"curies":[{"name":"wp","href":"https:\/\/api.w.org\/{rel}","templated":true}]}}